prime factors of (28/(-10))/(5/(-75))?
2, 3, 7
Suppose 5*i = -5*m + 5, -m + i = 6*i + 7. Suppose m*d - 10 = -2*d. Suppose -z = d*z - 30. What are the prime factors of z?
2, 5
Let l = -1 + -1. List the prime factors of (1*34)/(l - -4).
17
Let l(a) = a. Let j(o) = -3*o - 1. Let c(g) = j(g) + 2*l(g). Let v be c(-3). Suppose 2*f - 52 = -v*f. What are the prime factors of f?
13
Let i(j) = 4 + j + 15 + 1 + 7. What are the prime factors of i(0)?
3
Suppose -6*z = -8*z + 36. What are the prime factors of z?
2, 3
Suppose -4*f = 7*z - 2*z + 17, 3*f + z - 1 = 0. List the prime factors of 5 + (-3)/6*f.
2
Suppose 0 = -2*g - 3*a + 8*a + 8, 3*g + 5*a = 12. Suppose 0*k + k - 200 = -g*l, 0 = l + 5*k - 69. List the prime factors of l.
7
Let x(g) = 2*g**2 - 9. List the prime factors of x(8).
7, 17
Let f = 450 + -302. List the prime factors of f.
2, 37
Let n(v) = -v**3 + 7*v**2 - 5*v - 4. Let k(l) = l**3 - 4*l**2 - 5*l + 6. Let y be k(5). What are the prime factors of n(y)?
2
What are the prime factors of 65 + 1 + -1 + 2?
67
Suppose 4*h = -2*q - 34, 5*q + 24 = -4*h + 5. Let p = h - -23. Suppose 4*m + p = 6*m. What are the prime factors of m?
2, 3
Let h(o) = o**3 - o**2 + 2. Let u be h(0). List the prime factors of (-4 + u)*(-195)/10.
3, 13
Let z(n) = 4*n**3 + n**2 - n. Let p be z(1). Let x(v) = 4*v + 1. Let w be x(p). Suppose 0 = 4*i + 1 - w. List the prime factors of i.
2
Let s(w) = 5*w - 7. Let l be s(5). Suppose -4*z - l = -5*z. What are the prime factors of z?
2, 3
Let j be (-1)/(-1 - (-63)/66). Suppose -6 = 2*s - j. Suppose -4*n + 0*n + s = 3*y, 5*n = -20. List the prime factors of y.
2
Let p(i) = -12*i + 1. Let m be p(1). Let j(o) = -o**3 + 3*o**2 - 1. Let c be j(4). Let l = m - c. What are the prime factors of l?
2, 3
List the prime factors of 1/(-4 - 1106/(-552)*2).
2, 3, 23
Let g be ((-9)/12)/((-1)/8). Suppose 0 = -z + g - 2. What are the prime factors of z?
2
Let c = -13 + 19. Suppose c*i = i. Suppose i*k = -3*k + 39. What are the prime factors of k?
13
Suppose 3*q = -2*c + 19, -2*q + 5 = -c + 4. Suppose q*k - 118 = -37. List the prime factors of k.
3
Let o = 12 - 16. Let u(x) be the third derivative of x**5/60 + x**4/24 + x**3/3 + x**2. List the prime factors of u(o).
2, 7
Let t = -13 + 19. List the prime factors of (-8)/12 + 106/t.
17
List the prime factors of (11/2)/((-1)/(-4)).
2, 11
What are the prime factors of (6/(-48)*-4)/(2/676)?
13
Let u = 4 + 22. Suppose 0 = 5*b - u - 44. List the prime factors of b.
2, 7
List the prime factors of 66/88*(464 + -2 + 2).
2, 3, 29
Suppose -3*r + 14 + 10 = 0. Let g = r + -3. List the prime factors of g.
5
Let a be 56 - (0 - (3 + -4)). Suppose 3*q + 2 = 14. Suppose -a = -n - q*n. List the prime factors of n.
11
What are the prime factors of 1/4 + (-103)/(-4)?
2, 13
Let c(g) = -5*g. Let o be c(-1). What are the prime factors of o - (1 + -3 + 2)?
5
List the prime factors of 32470/110 + (-2)/11.
5, 59
Let h(m) = 42*m + 3. Let c be h(-2). Let x = -33 - c. Suppose 6*n = 2*n + x. List the prime factors of n.
2, 3
Let t = -10 - -3. Let b = 11 + t. Suppose b*k - 2 = 3*k. List the prime factors of k.
2
Let o = 1143 - 816. List the prime factors of o.
3, 109
Let r(a) be the first derivative of -3*a**2/2 - 8*a - 2. Let x be r(-6). Suppose z = -4 - 0, 3*b + 2*z - x = 0. What are the prime factors of b?
2, 3
Let f = 43 - 27. List the prime factors of f.
2
Let l(t) = -t**2 + 5*t - 4. Let s(z) = -z**2 - 3*z + 1. Let x be s(-2). What are the prime factors of l(x)?
2
Suppose -3*i - 2*g + 597 = 0, 0 = -2*g + 6*g - 12. List the prime factors of i.
197
Let b = -47 + 99. What are the prime factors of b?
2, 13
Let u(b) = 0*b**2 - b**2 + 7*b - 3 + 0 - 3. List the prime factors of u(5).
2
Let o = 16 + -17. What are the prime factors of 9/2*(3 + o)?
3
What are the prime factors of (2289/14 + 0)/((-6)/(-8))?
2, 109
Let x(k) = k**2 - k + 2. Let m be x(3). Suppose 3*c - m - 1 = 3*n, n + 3 = -c. Suppose c = -3*v - v + 40. What are the prime factors of v?
2, 5
Suppose -8 = -4*c - 0. Suppose -c*w = -1 - 17. List the prime factors of w.
3
Let t = -74 - -81. Suppose 5*s = 18 + 47. Let g = t + s. List the prime factors of g.
2, 5
Let d = 98 - 57. What are the prime factors of d?
41
Suppose -o = -4*h + 12, 4*h - 3 - 9 = 4*o. Suppose -3*p - 5*r + 13 + 8 = o, -p + 7 = r. List the prime factors of p.
7
Let i be 27/6*8/12. Suppose -i*h + 34 = -2*h. What are the prime factors of h?
2, 17
What are the prime factors of (-134)/(-6) + 18/(-54)?
2, 11
Let s = -6 - -8. Let t be 0*(-1)/(-2)*-1. Suppose s*y + t*y - 4 = -m, 34 = 4*m - y. What are the prime factors of m?
2
Suppose -8 - 4 = -2*u. Let z(h) = -19*h - 5*h**2 + 19*h + h**3 - 2*h**3 + u. What are the prime factors of z(-5)?
2, 3
Let k = 1 - 3. Let h be (-5 - -3)*(k - 0). Suppose -2*z + 24 = 2*q - 4*z, -4*z = h*q - 56. What are the prime factors of q?
13
Let y(h) = 7*h**2 - 17*h + 7. List the prime factors of y(5).
97
Let b be 10 + (1 - 3 - 0). Suppose 26 = 2*m - b. What are the prime factors of m?
17
Suppose 121 = 2*o - 133. What are the prime factors of o?
127
Let t(c) = -c**3 - 11*c**2 - 14*c - 11. Let m be t(-10). Let u = 71 - m. List the prime factors of u.
2, 3, 7
Let i = 99 - -9. List the prime factors of i.
2, 3
Let d(o) = -4*o - 37. What are the prime factors of d(-16)?
3
Suppose 0 = 3*g - 2*d - 9, 5*g - 2*d - 13 = 2*d. Suppose 3*f = -a - 6, -a = 2*a - g*f - 52. List the prime factors of (a*1)/((-3)/(-2)).
2, 3
Suppose 4*l = n + 5 + 3, -5*n = -20. Suppose 0 = i - 0*i - l. List the prime factors of 2 + 1 + (i - 2).
2
Let f = 4 - 5. Let d be f/5 - 201/(-5). Suppose -d = -2*j - 3*j. What are the prime factors of j?
2
Suppose -5*g = m - 21, 4*g - 27 + 3 = -2*m. Suppose -3*h = -3*z - 138, 2*z = m*h - h - 239. What are the prime factors of h?
7
Let a(h) = 3*h + 1. Let l be 15/(((-9)/6)/1). Let i be a(l). Let c = 43 + i. What are the prime factors of c?
2, 7
Let h = -79 - -146. List the prime factors of h.
67
Let x(f) = -f**2 + 10*f - 3. Suppose -4*w = -0*w - 32. What are the prime factors of x(w)?
13
Let p(o) = 210*o - 2. What are the prime factors of p(1)?
2, 13
Suppose 0 = -x + 29 + 16. List the prime factors of x.
3, 5
Let h(n) = n**3 + 7*n**2 + n + 6. What are the prime factors of h(-6)?
2, 3
Let n be ((-2 + 2)/2)/1. Suppose n = 2*p - p - 2. What are the prime factors of 0 - (0/1 - p)?
2
Let r = -8 + -1. What are the prime factors of 3/r*-9*3?
3
Let y(z) = 2*z + 3. Let h be y(-4). Let j = h + 18. What are the prime factors of j?
13
Suppose -10*y + 0*y = -2780. What are the prime factors of y?
2, 139
Let h be 4/(-18) + (-58)/(-18). Suppose -3*p + 20 = 4*z, -p = 5*z + h - 17. Suppose 3*i - 3*q - 39 = 0, 4*i - 4*q - 48 = -z*q. List the prime factors of i.
11
Let n = 82 + -23. Suppose -n = -3*x + 2*z + 1, z + 20 = x. List the prime factors of x.
2, 5
Let p be (24/9)/(2/(-6)). Let q(m) = -3*m - 8. Let y be q(p). Suppose s + 4 = y. What are the prime factors of s?
2, 3
Let c(m) be the first derivative of m**3/3 - 9*m**2/2 + 7*m - 1. List the prime factors of c(11).
29
Let r(w) = w**3 - 4*w**2 - 6*w - 6. List the prime factors of r(6).
2, 3, 5
Suppose -5*f + v - 4*v - 6 = 0, 0 = 5*f + 5*v + 10. What are the prime factors of (2 - -11) + f/3?
13
Let f(m) = m**2 + m + 60. What are the prime factors of f(0)?
2, 3, 5
Let t(c) = -7*c. Let x be t(-2). Suppose 0 = -5*i + 4*j + 45 - x, 0 = -5*i + 5*j + 35. List the prime factors of i.
3
Suppose 4*k = d - 1 - 5, 3*k + 9 = 3*d. Suppose 184 = -d*m - 2*m. List the prime factors of 2/(-4) + m/(-4).
11
Let o = 9 + -12. Let h = 12 + o. Let x(m) = 2*m + 4. What are the prime factors of x(h)?
2, 11
Suppose 2298 = -62*c + 68*c. What are the prime factors of c?
383
Let v(t) = -t**3 + 8*t**2 + 10*t - 5. Suppose 2*i + 2*l = 26, -4*l + 8*l = 5*i - 20. Let w be v(i). Suppose -5*d + w = -0*d. List the prime factors of d.
3, 5
Let l be ((-2)/4)/(4/(-72)). Let d(z) = -3*z + 3. Let i(p) = -7*p + 7. Let x(c) = 9*d(c) - 4*i(c). What are the prime factors of x(l)?
2
Suppose -3*x = -8*x - 3*c + 596, -4*x + 496 = -4*c. List the prime factors of x.
11
Let c be (56/(-10))/(2/15). Let b = 71 + c. Let w = b - 17. What are the prime factors of w?
2, 3
Suppose o + 2*o = -279. Let y = -41 - o. List the prime factors of y.
2, 13
Suppose -2*r - r + 6 = 0. What are the prime factors of r*(22